(y) = y**3 + 5*y**2 - 5*y - 4. Calculate c(a).
21
Let m = 94 - 90. Let y(o) = -m*o - 9 + 0*o + 3*o. Determine y(0).
-9
Let x(s) be the first derivative of -s**2 + 6*s - 198. What is x(5)?
-4
Let b(g) = -9*g**3 + 7*g**2 - 4*g - 5. Let o(r) = -8*r**3 + 6*r**2 - 3*r - 4. Let j(p) = 5*b(p) - 6*o(p). Calculate j(2).
15
Suppose 5*i - 9 = 3*a + 2*i, -2*a + 19 = 3*i. Suppose d + k - 2*k = -a, -4*k = -20. Let q(w) = w**2 + w - 4. Calculate q(d).
8
Suppose -2*h + 37 = -9. Let f = 23 - h. Let a(d) = d**2 - 7*d**3 + f*d**2 + 1 + 5*d**3. What is a(2)?
-11
Let h(c) = -c**2 - 2*c - 3. Suppose -4 = -6*m + 7*m + 4*p, -m + 8 = -2*p. Give h(m).
-27
Let o(v) = -14*v**2 - 2 + 9*v + 12*v - 22*v. Calculate o(-1).
-15
Suppose -50 = 3*j - 32. Let l(v) = v**2 + v + 2. What is l(j)?
32
Let m(w) = -9*w**2 + 5*w - 9. Let c(z) = 2*z**2 + z + 1. Let s(t) = 4*c(t) + m(t). What is s(6)?
13
Let u be -10*3/18*-3. Suppose 8 - 13 = u*c. Let h(s) = s**3. Give h(c).
-1
Suppose 49*h = 48*h - 4. Let a(v) = v**2 + 8*v + 4. Determine a(h).
-12
Let q(c) = -3*c**3 - c**2. Let y(v) = v**3 - v. Let r(n) = q(n) + 4*y(n). Let x(i) = i**2 + 6*i + 20. Let z be x(-4). Suppose -8*k = -12 - z. Determine r(k).
6
Let q(m) = -7*m + 4. Let s be ((-1)/(-1 - 0))/(5/(-75)). Let n(g) = 3*g - 2. Suppose t = 5*t + 24. Let j(o) = s*n(o) + t*q(o). Determine j(5).
-9
Let j(c) = c**3 + 6*c**2 + 5*c - 1. Let o(a) = a**3 - a**2 + a - 1. Let d be o(2). Let q(i) = i**2 - 5. Let h be q(3). Suppose -d = h*w + 11. Give j(w).
11
Let d(u) be the first derivative of 16 + 1/2*u**2 - 8*u. Determine d(-8).
-16
Suppose 3 = 5*s - 12. Suppose 2*k + 20 = -s*y, 20 = -2*k - 2*y + 2. Let l = k - -5. Let g(p) = -6*p - 2. Calculate g(l).
10
Let y be 2/5 + 195/75. Let f(k) = -9*k + 4. Calculate f(y).
-23
Let o(q) = 5*q**2 - 6*q + 27. Let y(a) = -14*a**2 + 19*a - 78. Let u(r) = -17*o(r) - 6*y(r). Determine u(-13).
-4
Let x(f) = -2*f - 1. Let c(u) = -2*u**2 + u + 1. Let i(w) = -2*w + 2. Let l be i(-6). Let n = -15 + l. Let t be c(n). Give x(t).
3
Let v(l) be the third derivative of l**5/120 - l**4/24 + 5*l**3/6 + 7*l**2. Let o(b) be the first derivative of v(b). What is o(-3)?
-4
Let n be 116/14 - (7 + 282/(-42)). Let p(m) = m**2 - 6*m - 3. Give p(n).
13
Let w(p) = 7*p**2 + 11*p - 4. Let x(i) = -4*i**2 - 10*i + 4. Let y(v) = 2*w(v) + 3*x(v). Determine y(5).
14
Let t(j) = 2*j**3 - 9*j - 9 + 0*j**3 - 3*j**3 - 7*j**2. Suppose -7*f - 38 - 60 = 0. Let h be 528/(-84) + (-4)/f. What is t(h)?
9
Let x(q) = 12*q + 4. Let z(y) = 10*y + 3. Let l(d) = 4*x(d) - 5*z(d). Let s(r) = r**2 + 10*r - 5. Let w(v) = -11*l(v) - 2*s(v). Calculate w(-2).
-13
Let k(r) = 27*r + 39. Let s(w) = 12*w - 1. Let l(u) = k(u) - 2*s(u). Calculate l(-13).
2
Suppose 0 = -4*f - 16, -3*n + 4*f + 0*f - 2 = 0. Let u(l) = -l. Determine u(n).
6
Suppose 0 = 12*u - 4 + 16. Let i(s) be the first derivative of -s**4/2 + s**3/3 - s + 4. Calculate i(u).
2
Let d(y) = 9*y - 1 - 2 + 4. Give d(-2).
-17
Let a(x) = -x**2 + x + 3. Suppose 2*u - 4*v + 12 = -0*u, -5*u - 3*v = 4. Let t = 1 - u. Let o = t + -3. Calculate a(o).
3
Let q(v) = v**3 - 9*v**2 + 7*v - 6. Let o be q(9). Let t = 56 - o. Let k(r) = -r. Calculate k(t).
1
Let m be (4 - (-28)/(-5))/((-14)/(-35)). Let l(g) = g**3 + 3*g**2 - 7*g - 5. Give l(m).
7
Let t(x) = x**3 - x - 3. Let a be t(0). Let c(v) = -v**3 - 3*v**2 - 2*v. Give c(a).
6
Let h(m) = 4*m + 11. Let g(j) = -j - 1. Let p(l) = 5*g(l) + h(l). What is p(9)?
-3
Suppose 3 - 6 = -h. Let i(c) = -c + h*c + 21 - 18. Give i(-5).
-7
Let l = -17 - -19. Suppose w - l*y - 18 = -48, 0 = -w + y - 30. Let d be (w/20)/(2/(-4)). Let z(o) = -4*o + 4. What is z(d)?
-8
Suppose x - 121 = -b - 118, 5*x - 5*b = 45. Let y(h) be the third derivative of h**6/120 - h**5/10 - h**4/24 - h**3/6 + h**2. Give y(x).
-7
Let a(p) = -p - 9. Let j be a(-12). Let f be -105 + 6*-1 + j. Let q be f/20 - 4/(-10). Let r(g) = g**2 + 2*g - 2. What is r(q)?
13
Let f(m) = -1. Let w(s) be the third derivative of s**5/60 + s**4/8 - s**3/2 - 4*s**2. Let i(z) = 4*f(z) - w(z). Give i(-2).
1
Let v(b) = -2*b + 9. Let o be v(6). Let k(m) be the third derivative of 1/30*m**5 + 0*m + 1/6*m**3 + 1/24*m**4 + 1/120*m**6 + 27*m**2 + 0. Calculate k(o).
-11
Let u(w) = 2*w - 9 + 0*w**3 + 5*w - 13*w + 5*w**2 + w**3. Determine u(-6).
-9
Let s(x) be the third derivative of -3/8*x**4 + 0*x + 18*x**2 - 1/2*x**3 + 0 + 1/60*x**5. Calculate s(5).
-23
Let f(i) be the first derivative of -i**3/3 - 7*i**2/2 - 4*i + 200. What is f(-3)?
8
Let t(l) be the third derivative of l**4/12 + l**3/6 + 81*l**2. Determine t(6).
13
Suppose -11*x - 36*x + 564 = 0. Let o(w) = w - 16. What is o(x)?
-4
Suppose -6 = -2*h + i, 4*h + 5*i + 3 = 1. Let z(w) = 5*w - 3*w - 2*w - w**3 + h*w. Calculate z(3).
-21
Let u(n) = 8*n**2 - 1. Let f = -18 + 4. Let r be (-18)/(-22) + f/(-77). Determine u(r).
7
Let o(c) = -11*c + 42. Let j(b) = -20*b + 83. Let w(l) = -3*j(l) + 5*o(l). Determine w(8).
1
Let c(n) = 11 + n**3 + 38*n**2 - 45*n**2 - 6. Calculate c(7).
5
Let b(g) = -89*g**3 - 2*g + 26*g**3 - 25 + 62*g**3 - 15*g**2. Give b(-15).
5
Let f be (-1 - -1)/(15/(-3) - -3). Suppose 149*c - 145*c + 28 = f. Let z(s) = -s**3 - 6*s**2 + 10*s + 9. What is z(c)?
-12
Let o(h) = 75*h + 46 + 89*h - 165*h. Determine o(0).
46
Let l(q) be the third derivative of q**5/60 + q**4/3 + 3*q**3/2 + 28*q**2. Suppose 5 = -5*z - 25. Determine l(z).
-3
Let b(a) = -a**2 - a. Suppose 0 = -21*l + 14*l - 21. Give b(l).
-6
Let n(z) = -z - 2. Let l(j) = -j - 10. Let o = -43 + 47. Let b(i) = o*n(i) - l(i). Calculate b(4).
-10
Let p(t) = 5. Let g(a) = -4*a + 11. Let b(j) = 4*g(j) - 9*p(j). Determine b(-3).
47
Suppose -35 = 54*k - 61*k. Let d(a) = -6 - 5 + 1 + a. What is d(k)?
-5
Let f(y) be the first derivative of y**4/4 - 10*y**3/3 + 7*y**2 + 9*y + 38. Determine f(8).
-7
Let i(p) = p + 3. Let g be i(-3). Let o = -1 - -19. Let x(z) = -5*z**2 + o + 4*z**2 + z**3 - 12. Calculate x(g).
6
Let g = -427 + 431. Let k(w) = -w + 5. Let r(u) = -15*u + 81. Let q(p) = 33*k(p) - 2*r(p). What is q(g)?
-9
Let t(f) = -454 + 456 + 0*f + f. Determine t(8).
10
Let t = -458 - -455. Let h(p) = p**3 + 5*p**2 + 7*p + 5. Determine h(t).
2
Let t be ((-6)/5)/(2/(-10)). Suppose -t = -2*x + w, 5 = 2*x + 5*w - 25. Let z(n) = -x*n**2 + 21 - 20 - n**2. Calculate z(-1).
-5
Let d(k) = 6 - 3*k - 4 - 2*k - 27 + 2*k. Calculate d(-11).
8
Let j(b) = 2*b**3 + 17*b**2 - b - 5. Let f(s) = 3*s**2 + 11 - 6 + 3*s**2 + s**3 - 7. Let r(m) = -8*f(m) + 3*j(m). Determine r(2).
-9
Let b(n) = n**2 - 5*n + 4. Let y be b(6). Let p be ((-19)/(-2))/((-5)/y). Let l = -17 - p. Let f(i) = i**2 + i - 2. Determine f(l).
4
Suppose -4*m - 3*q = 6, -4 = -3*q + q. Let o(b) = -b**2 - 3*b + 2. Let k be o(m). Suppose c + 4 = -k. Let i(a) = -a**3 - 6*a**2 + 3*a + 8. Determine i(c).
-10
Let x(n) = 2*n**2 + 2*n - 3. Let y be 18/3*(-1 + 0). Let g = 0 + y. Let d = -9 - g. Give x(d).
9
Let s(y) be the third derivative of -y**4/4 - y**3/6 + y**2. Let l = 56 - 52. Suppose 4*u = -l*m - 12, 5 = -2*u - m + 4. Determine s(u).
-13
Let o = 43 - 76. Let z = -32 - o. Let b(l) = 4*l + 1. What is b(z)?
5
Let j(n) be the second derivative of n**4/6 - n**3/2 + n**2 - 227*n. Determine j(2).
4
Let o(p) = -2 + 24*p - 26*p - 3. Let l(q) = 4*q + 3. Let f be l(-2). Let y(b) = -b**3 - 5*b**2 + 2*b + 6. Let m be y(f). What is o(m)?
3
Let s(t) be the first derivative of t**2/2 + 8*t - 1. Suppose j + 3*g + 2 = 0, -53 = 5*j - 5*g - 23. Let d be s(j). Let n(a) = a - 7. What is n(d)?
-4
Suppose 0 = 6*v - 3*v - 9. Let z be v/3*19 - 2. Let t(i) = 4 + 20*i**2 - i**3 - z*i**2 + 0*i**3 + i. Calculate t(3).
7
Suppose -5*y - 34 = -14. Let f(g) = -2*g + 13 + 11 - 26. Calculate f(y).
6
Let v(n) = -23*n - 1. Let i(o) = o**2 + 8*o + 11. Let f(c) = -c**3 - 5*c**2 - 6*c - 6. Let s be f(-3). Let l be i(s). Give v(l).
22
Let c = 3 + 4. Let l(x) be the first derivative of x**4/12 - 7*x**3/6 - 5*x**2/2 + 18*x + 2. Let a(y) be the first derivative of l(y). What is a(c)?
-5
Let n(l) be the second derivative of 0*l**3 + 0 - 1/2*l**2 + 2*l - 1/12*l**4. Let v = -31 + 29. Determine n(v).
-5
Let p(u) be the third derivative of 11*u**5/120 - u**3/3 - u**2. Let g(a) be the first derivative of p(a). Suppose 1242*z = 1248*z + 6. What is g(z)?
-11
Let s be (1 - (1 - 2)) + 3 + -3. Let d(a) = -4*a**2 + 4*a**2 - s*a**2 - 3*a. Let u = 1 - 